 divide 12034651?
False
Is 434 a factor of 714995904?
True
Does 364 divide 3188816?
False
Is 8033060 a multiple of 1715?
True
Does 124 divide 2642613989?
False
Is 22 a factor of 2156471682?
False
Does 490 divide 197244554?
False
Is 12945447 a multiple of 1103?
False
Is 72504570 a multiple of 22?
False
Is 20 a factor of 232599520?
True
Does 45 divide 111973500?
True
Is 1423262505 a multiple of 1758?
False
Is 4 a factor of 855985?
False
Does 142 divide 700040616?
False
Is 4315775 a multiple of 5?
True
Is 18 a factor of 694745545?
False
Is 34407520 a multiple of 140?
True
Is 547417102 a multiple of 17?
True
Is 142519527 a multiple of 28?
False
Is 772 a factor of 63726284?
True
Is 11 a factor of 200777423?
True
Is 95609007 a multiple of 2223?
True
Is 91 a factor of 383661283?
False
Does 5123 divide 1534219714?
False
Is 38 a factor of 425783426?
True
Is 157 a factor of 209290263?
True
Does 11 divide 2925675?
False
Is 51 a factor of 217133520?
True
Is 15 a factor of 201628950?
True
Is 1700 a factor of 194993087?
False
Is 1238 a factor of 43292592?
False
Does 4969 divide 117701522?
False
Does 90 divide 101019960?
True
Is 1894783295 a multiple of 137?
True
Is 23 a factor of 9000989?
False
Does 120 divide 85599421?
False
Is 62780328 a multiple of 6?
True
Is 9181863 a multiple of 495?
False
Does 1785 divide 7131349?
False
Is 1797886832 a multiple of 16?
True
Is 112647293 a multiple of 1808?
False
Does 7184 divide 1300713488?
True
Does 5 divide 137705664?
False
Does 33 divide 20776619?
False
Is 279 a factor of 1181212623?
True
Does 1073 divide 251220417?
True
Is 43 a factor of 80806288?
True
Is 977 a factor of 380057885?
True
Does 921 divide 27060320?
False
Is 202061503 a multiple of 333?
False
Is 711881868 a multiple of 21?
False
Is 1789 a factor of 16399763?
True
Is 2412 a factor of 35948448?
True
Is 17023000 a multiple of 587?
True
Is 6509735419 a multiple of 47?
False
Is 580357567 a multiple of 73?
False
Is 150640949 a multiple of 168?
False
Does 2 divide 37160154?
True
Does 16 divide 9080640?
True
Is 63 a factor of 2276202915?
True
Is 15176506 a multiple of 103?
False
Is 1209 a factor of 969370530?
False
Does 42 divide 132628543?
False
Is 9375707 a multiple of 14?
False
Does 12 divide 161099245?
False
Is 19 a factor of 492046572?
True
Does 85 divide 2352110395?
True
Is 7742191 a multiple of 185?
False
Is 175 a factor of 107823540?
False
Is 1224 a factor of 237700757?
False
Is 1664127654 a multiple of 300?
False
Is 1021496388 a multiple of 12?
True
Does 15 divide 213315046?
False
Does 403 divide 103736324?
False
Is 54 a factor of 254579957?
False
Is 196502364 a multiple of 18?
True
Is 413882860 a multiple of 155?
True
Does 464 divide 6345664?
True
Is 43631460 a multiple of 1863?
True
Is 1604 a factor of 1747437700?
True
Is 10 a factor of 816533100?
True
Is 147803884 a multiple of 20?
False
Is 137 a factor of 5885931?
True
Does 253 divide 22202774?
True
Is 2427 a factor of 18406368?
True
Is 67 a factor of 42813676?
False
Does 4304 divide 264241399?
False
Is 80788608 a multiple of 32?
True
Does 8 divide 99412256?
True
Is 4604 a factor of 906173270?
False
Does 614 divide 1695439428?
True
Is 9174042 a multiple of 42?
False
Does 2233 divide 2648342?
False
Is 19733441 a multiple of 440?
False
Does 158 divide 141476992?
True
Is 16 a factor of 133498256?
True
Is 24 a factor of 485992920?
True
Is 545798752 a multiple of 109?
True
Is 25 a factor of 23909080?
False
Does 62 divide 242737998?
True
Does 87 divide 23533082?
False
Does 542 divide 11207476?
True
Is 18 a factor of 303909842?
False
Does 134 divide 585105558?
False
Does 67 divide 7361811?
False
Does 1182 divide 62968686?
True
Is 692028 a multiple of 18?
True
Is 5 a factor of 3575835?
True
Is 70773581 a multiple of 17?
False
Is 100 a factor of 5051600?
True
Is 1553498671 a multiple of 92?
False
Does 75 divide 2816947?
False
Is 382163812 a multiple of 6043?
False
Is 178 a factor of 119275486?
True
Does 682 divide 17410821?
False
Does 286 divide 450686736?
False
Is 53 a factor of 79562732?
False
Is 329617431 a multiple of 1089?
True
Is 29 a factor of 642758931?
False
Does 3 divide 3556090?
False
Is 2056 a factor of 2155581656?
False
Does 142 divide 182334248?
True
Is 5011 a factor of 1093720904?
True
Is 28924584 a multiple of 719?
False
Is 25 a factor of 62794025?
True
Is 2 a factor of 2562335?
False
Does 396 divide 20430945?
False
Is 40 a factor of 15131000?
True
Does 208 divide 65732784?
True
Is 191 a factor of 400080633?
True
Is 11720072 a multiple of 36?
False
Does 421 divide 83525137?
True
Is 135 a factor of 30016076?
False
Is 426 a factor of 27894358?
False
Is 184542093 a multiple of 40?
False
Does 14 divide 12913978?
True
Is 129035772 a multiple of 219?
False
Is 34908924 a multiple of 494?
False
Does 3 divide 19804171?
False
Is 2406350202 a multiple of 515?
False
Does 3083 divide 182944917?
False
Is 114525853 a multiple of 61?
True
Does 68 divide 50664760?
True
Is 22075067 a multiple of 126?
False
Does 30 divide 196262183?
False
Does 340 divide 281930117?
False
Is 381 a factor of 483513258?
False
Is 14028 a factor of 633742956?
True
Is 139710298 a multiple of 13?
True
Is 6 a factor of 727981344?
True
Does 22 divide 112620332?
True
Is 758136 a multiple of 41?
False
Is 85 a factor of 201022535?
True
Is 10 a factor of 25078065?
False
Is 636758310 a multiple of 15?
True
Is 129 a factor of 380775729?
False
Is 147 a factor of 3015898991?
False
Is 362999373 a multiple of 2157?
True
Is 66088372 a multiple of 1046?
True
Is 2939361004 a multiple of 13?
False
Does 336 divide 5670000?
True
Does 10 divide 39383715?
False
Is 35555058 a multiple of 63?
True
Does 6 divide 480865758?
True
Does 32 divide 66694850?
False
Is 25174526 a multiple of 69?
False
Is 168130136 a multiple of 668?
False
Is 526 a factor of 109349088?
True
Does 6 divide 1997836206?
True
Does 13 divide 183450355?
False
Is 3656 a factor of 1088270345?
False
Is 6653 a factor of 1439097575?
False
Is 190 a factor of 254512220?
True
Is 529233346 a multiple of 35?
False
Is 71 a factor of 13113913?
True
Is 2054357120 a multiple of 128?
True
Does 1204 divide 1438655988?
True
Does 2236 divide 376676560?
True
Is 27 a factor of 2069459446?
False
Is 277 a factor of 239666?
False
Is 393437121 a multiple of 539?
True
Is 1278490729 a multiple of 619?
False
Is 42905535 a multiple of 13?
False
Is 47399871 a multiple of 3?
True
Does 22 divide 5441238?
True
Is 10870200 a multiple of 132?
True
Is 27580225 a multiple of 141?
False
Does 984 divide 1186704?
True
Is 13128752 a multiple of 3?
False
Is 4640 a factor of 203185600?
True
Is 5450896 a multiple of 8?
True
Is 75220392 a multiple of 104?
True
Is 142 a factor of 2802303686?
True
Is 740 a factor of 402013502?
False
Does 3 divide 10037652?
True
Is 265 a factor of 314092179?
False
Does 54 divide 388185246?
False
Is 487995505 a multiple of 206?
False
Does 345 divide 374026920?
True
Is 79694656 a multiple of 210?
False
Does 1544 divide 889120120?
True
Is 453 a factor of 13355799?
True
Does 563 divide 22086659?
False
Is 522237690 a multiple of 11215?
True
Is 168 a factor of 104222656?
False
Does 748 divide 53275552?
True
Does 2132 divide 181266904?
True
Is 130562946 a multiple of 499?
False
Is 40535514 a multiple of 56?
False
Does 681 divide 80751618?
True
Does 1152 divide 33120537?
False
Is 1208 a factor of 510503428?
False
Does 7 divide 66901170?
True
Does 24 divide 558102?
False
Is 7509472 a multiple of 7?
False
Is 162382849 a multiple of 1750?
False
Is 82412672 a multiple of 3421?
False
Is 584 a factor of 41553592?
False
Is 20945338 a multiple of 15?
False
Is 101227167 a multiple of 283?
False
Is 476652 a multiple of 3036?
True
Is 17270043 a multiple of 7?
True
Is 2338 a factor of 490690088?
True
Is 11 a factor of 544325967?
False
Is 2868 a factor of 43536240?
True
Is 64 a factor of 62803328?
True
Does 5 divide 277899830?
True
Is 63907748 a multiple of 1798?
False
Is 58757886 a multiple of 522?
True
Is 54034245 a multiple of 513?
False
Is 150628717 a multiple of 647?
True
Does 328 divide 86566416?
True
Is 194 a factor of 865375607?
False
Is 19021569 a multiple of 29?
False
Is 50306725 a multiple of 3925?
True
Does 1200 divide 42245751?
False
Does 58 divide 12402845?
False
Does 7 divide 8646022?
True
Is 21 a fac